= z + 2. Let c be (-4 - -32)/14 + 2. Determine b(c).
6
Let v be ((-204)/20)/(1/(-5))*3. Suppose -27 = -14*t - v. Let z(s) = -s**3 - 10*s**2 - 9*s - 6. Give z(t).
-6
Let k be ((-112)/21)/(4/(-30)). Let b = -275 - -239. Let f = b + k. Let o(g) = g**3 - 5*g**2 + 6*g - 5. Calculate o(f).
3
Let k be 28 + (6 - ((-17)/(34/(-24)) - 9)). Let w(v) be the third derivative of k*v**2 + 5/3*v**3 + 0 - 1/12*v**4 + 0*v. What is w(7)?
-4
Let j(d) = -d**3 + 99 + 4*d + 97 + 3*d**2 + 10*d**3 - 199. Let v(b) = -16*b**3 - 5*b**2 - 7*b + 7. Let g(i) = 7*j(i) + 4*v(i). Determine g(0).
7
Let s(v) = -v**3 - 7*v**2 - 7*v - 12. Let t be s(-8). Let z = t - 106. Suppose z*q - 52 = -5*b + 6*q, -b + 2 = 2*q. Let a(g) = -g**2 + 9*g - 9. Calculate a(b).
-1
Suppose 5*i + 11 = -19. Let u(j) be the third derivative of -j**6/120 - j**5/12 + j**4/3 + 4054*j**2. Give u(i).
-12
Let h(l) = l**2 + 9*l + 2. Let m = 111 - 29. Suppose 11*u + m = -17. Determine h(u).
2
Let i = 5 - 0. Suppose i*b + 3 + 28 = h, 5*b - 4*h + 19 = 0. Let a(u) = -336 + 1065 - 386 + u - 337. Calculate a(b).
-1
Let b(o) = -o**3 + 7*o**2 + 14*o - 12. Let d be -5 + (-41)/((-287)/98). Give b(d).
-48
Let n(r) = -4*r + 44. Let p be n(9). Let l(v) = -7 - p*v - 17 + 22. Determine l(1).
-10
Let x(z) = -z**3 - 2*z**2 - z + 2. Let l(j) = j**3 - 21*j**2 - 26*j + 37. Let m be l(-2). Give x(m).
14
Let v = -37 - 9. Suppose 584 = -16*f + 55 - 271. Let p = v - f. Let k(d) = -d - 4. Determine k(p).
-8
Suppose -r - 13 = 2*l, -47*r - 30 = -44*r + 3*l. Let g(z) = -z**3 - 9*z**2 - 13*z - 14. Determine g(r).
-21
Let c(m) be the second derivative of -1/3*m**3 - 5/2*m**2 + 0 + 25*m. Let r = 11 - 19. Give c(r).
11
Let l(f) = f + 17. Suppose 4*c + 3*q - 17 = 0, -17*c + 2*q = -14*c - 34. Let x be (-2)/((-46)/c - -6). Calculate l(x).
9
Let x(s) = 5*s**2 + 3*s - 18. Let l(m) = -5*m**2 - 2*m + 10. Let q(g) = -7*l(g) - 4*x(g). Give q(-1).
15
Let h(u) = u**2 + 1. Let s(x) = x**2 - 25*x - 41. Let c(i) = -2*h(i) + s(i). Let z be c(-23). Let m(a) = -2*a + 6. Give m(z).
0
Let h(m) = -5*m**2 - 5*m + 1. Let y(u) = -u**2 - u. Let g(a) = -2*h(a) + 11*y(a). Let v be 3*7*16/56. Suppose 2*d = v, 3 = -4*l + l + 3*d. What is g(l)?
-8
Let h(a) = a**3 + 10*a**2 + 8*a - 11. Let z = -54 - -84. Suppose -75 + z = 5*b. Determine h(b).
-2
Let w(d) = -1 + 1428*d**2 + 2 + 0*d**3 + 1436*d**2 + d**3 - 20*d - 2872*d**2. Give w(10).
1
Let j(g) = -63*g - 19. Let a(s) = 39*s + 12. Let k(u) = -8*a(u) - 5*j(u). Determine k(-5).
-16
Let m(s) = -16*s + 9. Let c be m(-17). Let k(t) = 287*t**2 - c*t**2 - t**3 + 5 - 3*t + 4. Determine k(6).
-9
Let x(o) = o**2 - 14*o - 71. Let p be x(-4). Let a(b) = -39*b + b**3 + 0*b - 6*b**2 + 31*b + p. Determine a(7).
-6
Let u(z) = z**3 - z**2 - 2. Suppose 391 = 2*c - 6*b + b, -2*b = 10. Let a = c + -183. Give u(a).
-2
Suppose 917*s + 1647 = -2580 - 358. Let f(t) = -5*t**3 - 6*t**2 + 3. Let l(k) = 4*k**3 + 6*k**2 + k - 4. Let b(u) = -3*f(u) - 4*l(u). Give b(s).
2
Let v(r) = -3*r**2 + 8*r**3 - 4*r**2 - 9*r**3 + 6*r - 1 + r**2. Let x = -56 + 71. Suppose -2*j + s - 6 = 6, j + 4*s = -x. What is v(j)?
6
Suppose -10 = -5*v - 4*o + 14, v = -4*o + 8. Suppose 4*t - 35 = 1. Suppose -a - v - 3 = y, -3*y = -a + t. Let f(s) = s**3 + 3*s**2 - s - 4. Calculate f(a).
-1
Let n(y) = 3*y + 1. Let h(x) = -14*x - 2. Let p(i) = 7*i + 79. Let l be p(-11). Let s(w) = l*h(w) + 9*n(w). Let z = 16 - 9. Give s(z).
-2
Let m(a) = -3*a + 75 + 102 - 98 + 46. Determine m(37).
14
Let c = 159 + -156. Let u(z) = -9*z**2 - 2*z + 16. Let o(f) = 7*f**2 + 3*f - 15. Let m(w) = c*u(w) + 4*o(w). Determine m(-7).
-5
Let c(x) be the first derivative of -x**6/120 + x**5/60 + x**4/8 + x**3/6 - 2*x**2 + 8*x + 52. Let g(z) be the second derivative of c(z). What is g(3)?
-8
Let y(g) be the first derivative of -g**2/2 + g - 1. Suppose 3*l = -4*w - 12, -3*l = -2*w - 267 + 279. What is y(l)?
5
Let i(j) be the second derivative of -j**5/20 + j**4/6 - 2*j**3/3 + 2*j**2 - 114*j - 40. Determine i(4).
-44
Let r(j) = -11*j**2 - 127*j + 28. Let o(c) = -20*c**2 - 253*c + 57. Let t(u) = -3*o(u) + 5*r(u). Determine t(-25).
-6
Let s(g) = g**3 - 12*g**2 + 25*g - 46. Suppose -23724*i - 140 = -23738*i. What is s(i)?
4
Let q(f) = -10*f - 73. Let r be q(-8). Suppose 23 - r = -4*w. Let l(p) = -4*p + 3. Determine l(w).
19
Let d(w) = -72*w - 1 + 2 - w**2 + 70*w. Let p = -22 + 15. Let t = -12 - p. Give d(t).
-14
Let b(a) = -5*a**3 + 4*a**2 - 39*a + 7. Let n(d) = -7*d**3 + 5*d**2 - 55*d + 7. Let x(l) = 3*b(l) - 2*n(l). Determine x(0).
7
Let k(o) be the second derivative of -o**4/6 + 17*o**3/6 - 7*o**2/2 + 767*o. Calculate k(11).
-62
Let k(d) = 7*d**2. Suppose 0 = i, p + 0*i = 3*i - 130. Let h = 131 + p. What is k(h)?
7
Let f(j) = -j**2 - 6*j + 38. Let r be f(4). Let n(a) = a**3 + 1 + 5*a**2 - a**2 - 2*a**2 + 2*a. What is n(r)?
-3
Let s(v) = -v**2 + 9*v - 4. Let f(a) = a**2 + 11*a + 2. Let o be f(-11). Suppose 2*p + 16 = -o*d + 42, 0 = 2*p + 5*d - 41. What is s(p)?
4
Let m be 5*(42/5)/7. Let c be (180/(-8))/(-5) - (-3)/6. Let q(o) = c - 15 + o + 10. Calculate q(m).
6
Let m = -1020 + 1031. Let a be -4 + (-4)/2 + m. Let t(s) = -s**3 + 6*s**2 - 2*s - 4. What is t(a)?
11
Let a(g) be the second derivative of -g**5/20 - g**4/12 - 2*g**3/3 - 6*g**2 - 3*g + 382. Determine a(0).
-12
Let c(y) be the first derivative of -y**4/4 + y**3/3 - 2*y**2 + 5*y + 752. Give c(2).
-7
Let v(j) = -j**3 - 3*j**2 - j + 1. Let b(t) = t**2 - 11*t - 31. Let i be b(13). Let m be i/30 + (141/(-18) - -6). Calculate v(m).
-1
Let z(u) = 7*u + 161943 - 161938 - 4*u - u**2. Let q(g) = 2*g**2 + 4*g + 4. Suppose -6*o + 12 = -2*o, i = -2*o + 4. Let c be q(i). Calculate z(c).
1
Let c(w) = -w**3 - 5*w**2 - 2*w + 6. Let v be c(-4). Let z = v + 7. Let b(i) be the third derivative of i**4/24 - 4*i**3/3 - 2*i**2. What is b(z)?
-3
Let d(p) = 33*p + 13. Let s(t) = -8*t - 3. Let g(i) = d(i) + 2*s(i). Calculate g(-1).
-10
Let y(f) = -f + 13. Let g be y(7). Let a(c) = -13*c + 17. Let m(d) = 6*d - 8. Let w(j) = 5*j - 2. Let s be w(0). Let k(v) = s*a(v) - 5*m(v). What is k(g)?
-18
Let o(t) be the second derivative of -t**4/12 - t**3/3 - 31*t**2/2 - 1544*t. What is o(0)?
-31
Suppose 11*a - 13219 = -13197. Let u(d) be the second derivative of -2/3*d**3 - a*d**2 + 0 - 18*d - 1/12*d**4. Determine u(-3).
-1
Let z(o) = -o**2 + 4*o - 1. Suppose 0 = -25*x + 13 + 37. Determine z(x).
3
Let w(o) = 51*o**2 - 7*o - 1. Let h be w(3). Let r = h + -432. Let s(b) = 14*b - 26. Let n(g) = 5*g - 9. Let q(d) = -11*n(d) + 4*s(d). Calculate q(r).
0
Let u(h) = -2*h. Let y = -211 - -235. Let p be 2/y*6*12. What is u(p)?
-12
Let x(y) = y**2 + 5*y + 5. Let l be x(-5). Suppose 3 = 2*m + l. Let z(g) = 13*g**2 - 8*g**2 - 4*g**2 - 10*g**2 + g. Calculate z(m).
-10
Let x(f) be the third derivative of -1/30*f**5 + 0 - 1/40*f**6 + 1/12*f**4 + 0*f + 1/6*f**3 - 45*f**2. Determine x(2).
-27
Let k(z) be the first derivative of 21*z**2/2 - 31*z - 4300. Determine k(7).
116
Let s(d) = 1. Let c(p) = p - 13. Suppose -14 = 2*z - 4. Let o(k) = z*s(k) - c(k). Suppose -4*w - 8*f = -3*f - 53, 0 = -2*f + 10. Determine o(w).
1
Let p be (-8)/(-14) - 1025/2100. Let i(s) be the second derivative of -1/2*s**2 + 1/3*s**3 + p*s**4 + 0 + 3*s. Give i(2).
7
Let x(c) be the first derivative of -c**2/2 + 2*c + 4. Suppose 5*v = -3*s + 1, 5*v - 10 = 2*s + 6. Calculate x(v).
0
Suppose 2*u + 2 = 6. Let w be (-1 + 8)*(u + -5 + 4). Let j(y) = 0*y - 9*y + w*y - y**2 - 2 + y. Calculate j(3).
-14
Let r(p) = -318*p + 313. Let g be r(1). Let y(u) = 11*u + 24. Calculate y(g).
-31
Let p(t) = 3*t + 10. Let j be p(-5). Let g(n) = 2*n**3 - n + 1. Let a be g(1). Let d(w) = -2 - a*w + 7*w**2 - 4 - 8*w**2 - 6*w. Calculate d(j).
9
Let p be 35/7 + 9 - 1/(-1). Suppose -p*w + 62 = 2. Let m(a) = -a**3 + a**2 + 8. Let j(v) = -v**3 + 9. Let k(b) = 3*j(b) - 4*m(b). Determine k(w).
-5
Let f be -6*(-4)/(-8) + -4. Let o(a) = a**2 + 4*a - 8. Let v be o(f). Let x(i) = 12 - v - 29*i + 6*i. Calculate x(-1).
22
Suppose 2*i + 11 = 9. Let l be i/(1/(-8) - 0). Let j(b) = -5 - 12 - b + 2*b + 10 + 8*b - b**2. What is j(l)?
1
Suppose 3*f + 13164 - 13134 = 3*g, 0 = -4*f + 3*g - 29. Let o(a) = 7*a**2 - 7*a - 5. Let k(z) = -3*z**2 + 4*z + 3. Let c(l) = -5*k(l) - 3*o(l). Give c(f).
-5
Let i(q) = -4*q - 1. Let t(g) = 50*g - 74. Let w(m) = -22*i(m) - 2*t(m). Determine w(15